 to base 7.
-11235
-1100101101000111 (base 2) to base 6
-1040531
Convert -31734 (base 10) to base 6.
-402530
What is -3915 (base 10) in base 5?
-111130
5008 (base 16) to base 10
20488
What is 1132311 (base 4) in base 9?
8283
Convert 16611 (base 13) to base 12.
20903
Convert 1122020 (base 3) to base 4.
102222
Convert -122 (base 12) to base 8.
-252
What is -1370 (base 10) in base 2?
-10101011010
Convert -10011100111 (base 2) to base 4.
-103213
Convert 77431 (base 8) to base 2.
111111100011001
What is 14232 (base 5) in base 12?
834
What is -114720 (base 9) in base 7?
-405330
What is -100100000100 (base 2) in base 6?
-14404
-395f (base 16) to base 11
-10042
Convert -143b5 (base 13) to base 15.
-b3d9
Convert 11064 (base 8) to base 5.
122120
Convert -b0c (base 15) to base 2.
-100110110111
Convert -10110001101 (base 2) to base 7.
-4100
What is -1000101001110 (base 2) in base 15?
-14a5
20415 (base 8) to base 7
33445
What is -2022 (base 5) in base 16?
-106
Convert c69b (base 13) to base 8.
65562
1112202202 (base 3) to base 2
111011011110001
Convert -20152 (base 12) to base 8.
-121316
What is -a40 (base 11) in base 16?
-4e6
110101010110100 (base 2) to base 4
12222310
What is 331420 (base 5) in base 3?
120202101
Convert 110011100101001 (base 2) to base 12.
13349
Convert -1487 (base 15) to base 9.
-6031
2979 (base 16) to base 7
42645
293 (base 14) to base 5
4041
What is 1ef (base 16) in base 15?
230
Convert -1764 (base 8) to base 4.
-33310
-879 (base 10) to base 13
-528
3b74 (base 13) to base 11
6469
Convert -1011010010110 (base 2) to base 5.
-141112
Convert 951 (base 12) to base 3.
1212021
What is 16550 (base 7) in base 11?
3619
What is -1100110100 (base 2) in base 3?
-1010101
What is -425612 (base 7) in base 6?
-1330452
What is -4215 (base 6) in base 3?
-1022002
What is 1103021 (base 4) in base 5?
132241
What is -11202121 (base 3) in base 14?
-13a0
36418 (base 10) to base 3
1211221211
Convert -5c3 (base 16) to base 8.
-2703
What is -463 (base 8) in base 13?
-1a8
What is 10000011011001 (base 2) in base 13?
3a9b
Convert -1492 (base 13) to base 14.
-113a
Convert -4734 (base 10) to base 15.
-1609
What is 24403 (base 5) in base 14?
965
-5020 (base 7) to base 2
-11011000001
What is 1022100 (base 3) in base 8?
1672
Convert -302004 (base 5) to base 10.
-9629
Convert 1180 (base 9) to base 15.
3dc
110257 (base 8) to base 3
1212210211
What is 32b5 (base 13) in base 6?
52433
-263 (base 14) to base 13
-2ab
What is 101001010001010 (base 2) in base 9?
31877
Convert -7778 (base 13) to base 14.
-6101
What is 21123 (base 4) in base 13?
375
Convert -20212010 (base 4) to base 10.
-35204
Convert 70611 (base 8) to base 16.
7189
Convert 1244 (base 6) to base 7.
631
Convert 6c9 (base 15) to base 3.
2010000
What is -608 (base 15) in base 3?
-1212022
What is 467 (base 14) in base 3?
1012102
What is -2552 (base 8) in base 3?
-1220100
Convert 3675 (base 8) to base 2.
11110111101
What is -1000200 (base 3) in base 4?
-23223
12011 (base 3) to base 10
139
dc3 (base 15) to base 9
4233
Convert -4553 (base 6) to base 12.
-759
Convert a49 (base 15) to base 10.
2319
Convert -107 (base 12) to base 3.
-12121
What is -5911 (base 12) in base 7?
-41002
Convert 11f (base 16) to base 10.
287
What is -963 (base 10) in base 11?
-7a6
What is -352 (base 8) in base 7?
-453
Convert 5d3d (base 14) to base 16.
3fc3
Convert 13121 (base 5) to base 9.
1371
What is -5e4 (base 15) in base 16?
-53b
Convert 12112 (base 4) to base 9.
501
What is 146c (base 14) in base 10?
3624
What is 5734 (base 14) in base 4?
3230202
Convert -15133 (base 12) to base 4.
-13031313
Convert 11022 (base 3) to base 13.
8c
Convert 12aa (base 11) to base 6.
11501
Convert 4703 (base 13) to base 5.
304344
What is 1a (base 13) in base 8?
27
What is 1000122 (base 3) in base 9?
1018
What is 10426 (base 11) in base 14?
5745
What is 112444 (base 5) in base 16?
101c
Convert 843 (base 12) to base 11.
9a4
What is 101d (base 16) in base 15?
1350
-50468 (base 9) to base 6
-413355
What is -122564 (base 7) in base 9?
-33875
Convert -720 (base 11) to base 12.
-605
What is 1110011 (base 3) in base 9?
1404
Convert 150550 (base 7) to base 5.
1412332
-23256 (base 11) to base 15
-9e38
Convert 8a10 (base 15) to base 9.
44126
-110112 (base 4) to base 11
-a84
Convert 7177 (base 11) to base 12.
5616
Convert 11110000 (base 2) to base 15.
110
Convert 1031 (base 9) to base 3.
1001001
What is 165012 (base 7) in base 6?
412253
Convert -5830 (base 9) to base 2.
-1000011100000
-332003 (base 4) to base 14
-1639
203124 (base 5) to base 10
6664
958 (base 12) to base 5
20424
What is 1004 (base 9) in base 7?
2065
Convert -412 (base 13) to base 2.
-1010110011
Convert -31021 (base 4) to base 13.
-4c9
What is -6263 (base 9) in base 13?
-2124
-336 (base 8) to base 7
-435
-48bb (base 12) to base 11
-6191
What is 10011101101 (base 2) in base 6?
5501
-5b4 (base 13) to base 9
-1322
167 (base 14) to base 5
2122
What is 1322224 (base 5) in base 7?
140306
Convert 1100110111011000 (base 2) to base 10.
52696
Convert -18b (base 12) to base 7.
-506
What is -1c0c (base 13) in base 10?
-4237
-12989 (base 12) to base 6
-314253
30212 (base 4) to base 8
1446
Convert 131133 (base 4) to base 8.
3537
110220 (base 4) to base 11
aa0
What is -1000110100110100 (base 2) in base 5?
-2124043
Convert 491 (base 13) to base 10.
794
What is 30113203 (base 4) in base 15?
10024
What is 1476 (base 9) in base 13?
684
What is -1341201 (base 5) in base 13?
-c79c
What is -cbd (base 14) in base 6?
-15355
Convert -130616 (base 8) to base 13.
-178c6
Convert 201103 (base 4) to base 6.
13511
67257 (base 8) to base 6
335103
Convert -10111 (base 5) to base 9.
-808
Convert -1074 (base 8) to base 2.
-1000111100
Convert -54c (base 14) to base 6.
-4504
Convert -133525 (base 6) to base 11.
-9442
Convert 10167 (base 9) to base 11.
5044
What is 405 (base 7) in base 3?
21110
Convert -257 (base 14) to base 10.
-469
100110101110111 (base 2) to base 10
19831
Convert 1111000110001 (base 2) to base 14.
2b61
Convert 104605 (base 7) to base 16.
482e
What is 111111 (base 5) in base 2?
111101000010
What is 8c98 (base 13) in base 2?
100110100010001
What is -6502 (base 7) in base 13?
-1084
What is 3774 (base 13) in base 11?
5a04
Convert -18 (base 13) to base 12.
-19
Convert -133034 (base 5) to base 9.
-7353
61a (base 11) to base 5
10442
What is 1b8 (base 12) in base 2?
100011100
What is -1025 (base 6) in base 13?
-14c
2133 (base 7) to base 15
359
Convert 4c1 (base 15) to base 3.
1111001
What is 16353 (base 7) in base 2?
1001000100100
Convert -2143 (base 9) to base 3.
-2011110
What is -111111001111 (base 2) in base 9?
-5486
Convert -11011001 (base 2) to base 6.
-1001
Convert -1012022 (base 3) to base 4.
-31220
211120110 (base 3) to base 4
10001013
What is 3001 (base 4) in base 14?
db
What is -393 (base 12) in base 16?
-21f
-12663 (base 8) to base 6
-41415
What is 859 (base 14) in base 4?
121233
-c115 (base 15) to base 8
-117451
Convert a4 (base 12) to base 11.
103
What is 6 (base 9) in base 7?
6
What is 2101 (base 7) in base 13?
448
Convert 43 (base 8) to base 6.
55
What is -332313 (base 5) in base 15?
-3673
-1809 (base 10) to base 16
-711
2ce (base 15) to base 9
785
What is 1653 (base 8) in base 2?
1110101011
Convert -100000100110 (base 2) to base 9.
-2767
Convert -220023 (base 5) to base 7.
-30622
Convert -20131 (base 7) to base 4.
-1030021
35543 (base 9) to base 12
11910
What is -1443332 (base 5) in base 2?
-111100101110100
4ca (base 13) to base 15
3b2
What is 2331 (base 4) in base 13?
117
-1342 (base 5) to base 6
-1010
What is -b029 (base 16) in base 10?
-45097
What is 5b2 (base 13) in base 12?
6a6
What is -145214 (base 7) in base 11?
-1a239
-12202101 (base 3) to base 7
-15142
What is -128 (base 11) in base 13?
-b8
-12303033 (base 4) to base 6
-332543
What is 381 (base 9) in base 6?
1244
What is -46237 (base 9) in base 6?
-354354
-58002 (base 9) to base 15
-b6ae
30102 (base 10) to base 15
8dbc
130022 (base 4) to base 14
92a
Convert -6849 (base 13) to base 16.
-3903
8124 (base 9) to base 15
1b5a
bdd9 (base 14) to base 10
32923
What is 101011101 (base 2) in base 4?
11131
Convert -113014 (base 8) to base 2.
-1001011000001100
-1706 (base 8) to base 4
-33012
What is 1879 (base 16) in base 6?
45001
What is -15357 (base 9) in base 16?
